 = -10*g + 5*g, 4*c + 3*g - 116 = 0. Let t(x) = -7*x - 12. What is the remainder when c is divided by t(-4)?
13
Let p(m) = m**3 - 2*m**2 + 4. What is the remainder when 37 is divided by p(3)?
11
What is the remainder when 52 is divided by 2*(-27)/(-4 + 1)?
16
Let y = -1 - 1. Let i be 45/3 - 1*y. Let o = i + -9. Calculate the remainder when o is divided by 5.
3
Let m(d) = 0 + 2*d - 8*d + 2. Suppose 3*p + 4 + 8 = -l, 0 = p - 4*l - 9. Calculate the remainder when m(p) is divided by 7.
6
Suppose -2*d = 2*d + 3*q - 28, -2*q - 8 = -4*d. Suppose -15 = -d*s + 73. What is the remainder when 64 is divided by s?
20
Let z(p) = -p + 8. Let c be 0 + -2 - 9/(-1). Calculate the remainder when 3 is divided by z(c).
0
Suppose n - 9 = -r, -3*r + 0*n - 5 = -5*n. Suppose 0 - r = u. Let z = 7 + u. What is the remainder when z is divided by 2?
0
Suppose 816 = -12*n + 3516. Calculate the remainder when n is divided by 46.
41
Suppose 2*l - 19 = -1. Calculate the remainder when 32 is divided by l.
5
Let m = 1 + 2. Let d(a) = a**3 + 5*a**2 - a + 3. Calculate the remainder when d(-5) is divided by m.
2
Suppose -2*g + 0*g + 27 = z, -g = -3*z + 46. Calculate the remainder when z is divided by 6.
5
Suppose -4*s + 4*n + 72 = 0, -2*s = n - 3 - 21. Calculate the remainder when (-2)/7 + 578/14 is divided by s.
13
Let y = 206 - 173. Calculate the remainder when 97 is divided by y.
31
Let b be 0 + (-164 - -2) + -3. Let f = -115 - b. What is the remainder when f is divided by 26?
24
Let q(t) = -3*t - 8. What is the remainder when q(-19) is divided by 26?
23
Let n be (3 + 7/(-2))*0. Suppose n = 2*c + 8, -3*c - 30 = -3*x - 0*x. What is the remainder when 9 is divided by x?
3
Let w = -196 - -282. What is the remainder when w is divided by (220/(-100))/(5/(-50))?
20
Let v(i) = 4*i - 6. Let g = -12 + 16. Let m = 58 - 29. Calculate the remainder when m is divided by v(g).
9
Suppose 0*y + o + 6 = 2*y, -3*o + 6 = 0. Suppose -18 = -p + m - 3, -p - y*m + 30 = 0. Calculate the remainder when 53 is divided by p.
17
Suppose q + q - 12 = 0. Suppose 32 = 3*o - 5*h - 28, -o - 3*h + 6 = 0. Calculate the remainder when o is divided by q.
3
Let m(c) = -7*c - 6. What is the remainder when 86 is divided by m(-4)?
20
Let n = 25 - -7. Calculate the remainder when n is divided by 17.
15
Let f(i) = -7*i**3 - 1. What is the remainder when 52 is divided by f(-1)?
4
Let t = 0 - 0. Suppose -30 = -3*v + 3*n, v - 14 = -3*n - t*n. Calculate the remainder when 32 is divided by v.
10
Let b(p) = 3*p**2 - 2*p + 1. Let t be b(-3). Suppose 0 = -5*i - 5*h - 70, -i = i + 4*h + t. Let q = 24 + i. Calculate the remainder when 24 is divided by q.
11
Suppose -4*d + 0*d - 24 = 0. Let k(f) = -f**3 - 7*f**2 - 6*f + 7. Let p be k(d). Let z = p + 7. Calculate the remainder when 26 is divided by z.
12
Let u(r) = -r. Let k(j) = -3*j + 2. Let o(p) = k(p) - 4*u(p). Suppose 3*v = -t + 12 + 2, -4*t + 17 = -v. What is the remainder when t is divided by o(0)?
1
Suppose 0 = 2*v + 6. What is the remainder when 21 is divided by (12/(-10))/v*20?
5
Suppose 0 = 6*i - i - 370. Let o be 35/10 + (-2)/4. Suppose -o*t - i = -5*t. What is the remainder when t is divided by 13?
11
Suppose -5*t - q + 113 = 0, t + 2*q = 5*t - 96. What is the remainder when 67 is divided by t?
21
Let c = -7 - -12. Suppose 2*o = c*b + 18, 2*o - 4*o + 24 = -2*b. What is the remainder when 54 is divided by o?
12
Suppose f + 3*f - 68 = 0. Suppose 7*w = 5*w + 12. What is the remainder when f is divided by w?
5
Suppose -4*p + 38 = 2*g, 0*p - 5*p = 4*g - 91. Calculate the remainder when g is divided by 8.
5
Let a = 40 + -31. Let y(d) = d**2 - 3*d + 5. Calculate the remainder when y(5) is divided by a.
6
Let n be (16/20)/(1/35). What is the remainder when (3 - 4) + n/2 is divided by 7?
6
Suppose -o + 4 = -2*c - 1, -2*o + 5*c = -10. What is the remainder when 14 is divided by o?
4
Let o(g) = 16*g - 8. What is the remainder when o(6) is divided by 18?
16
Suppose 80 = -4*j + 376. What is the remainder when j is divided by (75/(-12))/((-2)/8)?
24
Let j(q) = -q + 2. Let v be j(6). Let z be v/(-1 - 0) + -1. Suppose 4*a = 4, -50 = u - z*u - 4*a. Calculate the remainder when u is divided by 8.
7
Let h = -56 + 52. Let z(k) = -k + 1. Let p(t) = 6*t - 4. Let r(c) = -2*p(c) - 6*z(c). What is the remainder when 76 is divided by r(h)?
24
Let z(u) be the second derivative of 7*u**3/6 - 7*u**2/2 - 2*u. Let y be z(5). Calculate the remainder when 42/(-4)*y/(-6) is divided by 17.
15
Let h = -17 + 35. Let y = -68 + 121. Calculate the remainder when y is divided by h.
17
Let m = 16 + 72. Suppose 0 = -5*r + 2*r - 4*s + 67, m = 4*r + 5*s. What is the remainder when 65 is divided by r?
14
Suppose -3*b = 3*w - 300, 0 = w + b - 5*b - 125. Calculate the remainder when w is divided by 36.
33
Let x(i) = i**2 - 5*i + 3. What is the remainder when x(6) is divided by 3?
0
Suppose 0 = -3*v - 9, -v + 4 = -2*b + v. Let f(g) = -10*g - 6. Let p(k) = -k**2 + k + 15. What is the remainder when f(b) is divided by p(0)?
14
Suppose 0 = -3*b, 0 = 5*u + 10*b - 7*b - 15. What is the remainder when 4 is divided by u?
1
Let h(b) = b - 8. Let s be h(13). Suppose s*o - 41 - 19 = 0. Let d = 113 + -78. What is the remainder when d is divided by o?
11
Let h be 6/(-9) - (-2)/(-6). Suppose 5*k + 0*w + 4*w = 62, 0 = -3*w + 9. What is the remainder when (1/1 - h) + 17 is divided by k?
9
Let h(n) = n + 8. What is the remainder when 66 is divided by h(15)?
20
Let j(u) = u**3 - 6*u**2 + 5*u - 6. Let p be j(5). Let g(d) = -d**2 - 6*d + 6. What is the remainder when g(p) is divided by 3?
0
Let n(j) be the third derivative of -j**6/120 - j**5/15 + 5*j**4/24 + 5*j**3/6 - 5*j**2. What is the remainder when n(-6) is divided by 16?
15
Suppose -4*c + 139 = 3*h, 3*h + 27 = 2*c - 20. Calculate the remainder when c is divided by 17.
14
Suppose 0*a - 5*a + 115 = 0. What is the remainder when 44 is divided by a?
21
Suppose 3 = 3*m - 3*b, 4*b = 2*m + 3*b - 4. Calculate the remainder when 55 is divided by (2/m)/((-10)/(-285)).
17
Let l be (-18)/(3 - (-9)/(-2)). Let b = 32 - l. Suppose -152 = -6*p + 2*p. What is the remainder when p is divided by b?
18
Let u(v) = -v**2 - 14*v - 10. What is the remainder when u(-9) is divided by 12?
11
Let t = -8 - -11. Suppose -2 = -5*x + t*d + 2, 0 = -d + 2. Suppose -p + 27 = -x. Calculate the remainder when p is divided by 15.
14
Let m(q) = 11*q**2 + 3*q + 4. What is the remainder when m(-3) is divided by 24?
22
Let a = 53 - 10. Calculate the remainder when a is divided by 13.
4
Let q be ((-24)/(-16))/((-2)/16). Let n = -6 - q. Calculate the remainder when 1 is divided by n/10 - (-2)/5.
0
Suppose -21 = -5*x + 14. Suppose c - 3*z + 6 = -1, -3*c + 3 = -z. Suppose 0 = c*a + 5*l - 20, a - 5*l + x = 2. What is the remainder when a is divided by 3?
2
Suppose r - 2*p - 40 = -7*p, 39 = r + 4*p. What is the remainder when r is divided by 13?
9
What is the remainder when 55 is divided by (24/2 - -2)*(-4 - -5)?
13
Let r(n) = 2*n**2 + 8*n + 8. Let y(f) = f**2 + f + 22. What is the remainder when y(0) is divided by r(-4)?
6
Suppose -16 = x - 50. Let m = x - 14. Calculate the remainder when 59 is divided by m.
19
Suppose 3*j + 3*j - 78 = 0. What is the remainder when 37 is divided by j?
11
Suppose 0*j + 5*j - 20 = 0. Suppose b + 33 = 5*q, 0 = -3*q - 4*b - 0*b + 6. Calculate the remainder when q is divided by j.
2
Let m = 24 - -11. Calculate the remainder when m is divided by 18.
17
Suppose -n + 10 = -0*n. Suppose n = -4*j - 2. Calculate the remainder when 14 is divided by (j/2)/((-9)/48).
6
What is the remainder when 124 is divided by (11 - 9)*(16 - 0)?
28
Suppose 2 = -5*i + 27. What is the remainder when 11 is divided by i?
1
Suppose 36 + 4 = -5*y. Let z = 17 + y. Calculate the remainder when 25 is divided by z.
7
Let m be (8/(-12))/(2/(-15)). Suppose -2*g - 2*q - 160 = -7*g, -m*g - 5*q + 195 = 0. Calculate the remainder when g is divided by 7.
6
Let f(j) = j**2 - 9*j + 6. What is the remainder when 44 is divided by f(10)?
12
Let n(i) = -i**2 - 8*i - 6. Let f be n(-5). Let l(h) = -h**2 + 12*h - 8. Calculate the remainder when l(f) is divided by 7.
5
Let y(z) = -z. Let l be y(-5). Suppose 0*t + 45 = l*t. Calculate the remainder when t is divided by 4.
1
Suppose 0 = -g - 2*g. Suppose g = -4*f - 4*n + 76, 5*f + n - 104 = -29